True
Let u = -352876 + 595205. Is u a composite number?
False
Let d(y) = 26490*y**2 - 1399*y + 12520. Is d(9) prime?
False
Let z be (8/(-10))/(8/(-20)). Let a be 14/z - (-1 - -5). Suppose 2*y - x + a*x - 932 = 0, 1401 = 3*y + 2*x. Is y prime?
False
Let h = 55 - 52. Suppose -2*i - 149 = -h*m, -2*i + i - 64 = 2*m. Is 0 - 3/(6/i) prime?
False
Let i(d) = -10*d**3 - 4*d**2 - 4*d + 13. Let l be i(-5). Let m = l + -570. Is m a prime number?
True
Suppose 4*o = 2*o + 2. Suppose 0 = w - s + o, 2*w - 19 + 3 = -4*s. Suppose w*a + 252 = 886. Is a a prime number?
True
Suppose -990460 = -75*k + 65*k. Is k a composite number?
True
Suppose 9133*z + 9950045 = 9168*z. Is z prime?
False
Let j(z) = z**3 + 17*z**2 - 15*z - 25. Let x be j(-17). Let c = 147 + x. Is c composite?
True
Suppose -2*m = -2*h - 2*h - 6150, -h - 12272 = -4*m. Is m/9 + ((-50)/18 - -3) a prime number?
False
Let f(v) = v**2 - 3*v + 1 + 2*v - v**3 + 8*v**2 + 12. Let u be f(9). Suppose 0 = -2*c - 2*q + 1152, -390 = -u*c - 5*q + 1911. Is c a composite number?
True
Suppose 12*d = 2*b - 500570, 14218 = -2*b + 5*d + 514781. Is b composite?
False
Suppose 40*i + 33231 = 7*i. Let k = 2418 + i. Is k a composite number?
True
Let a = 894625 + -23946. Is a a prime number?
True
Let i(u) = u**3 - 4*u**2 - u + 10. Let p be i(5). Let v = p + -27. Suppose 0 = 4*g + 3*b - 1670, -v*b = -g - 5*b + 415. Is g prime?
True
Let b = -30816 - -87815. Is b prime?
True
Is (-5325)/(-5)*60 - (0 + -1) prime?
True
Suppose 18*a = 20*a - w - 266985, -3*a = -4*w - 400485. Is a composite?
True
Let o(r) be the second derivative of r**5/5 + r**4/12 - r. Let j be o(1). Suppose -j*a - 2406 = -2*n, -2*n + 1523 = 2*a - 911. Is n composite?
False
Suppose 2*u = -3*s, 3*u = -2*s + 3*s - 11. Suppose 0 = o + 2*h - 1, s*o + o - 2*h - 19 = 0. Suppose 6100 = 5*g - f + 1740, -g + 846 = o*f. Is g composite?
True
Let m(y) = 352*y - 225. Let a(q) = -177*q + 112. Let h(d) = 7*a(d) + 4*m(d). Is h(25) a composite number?
True
Let q = 681 - 681. Suppose q = -6*b - 13335 + 149769. Is b a prime number?
True
Is (-2977522654)/(-13334) + 2/(-59) composite?
False
Suppose -31*d + 952432 + 1339544 = 446515. Is d a prime number?
False
Let k = -1587 + 497. Let n = k - -2067. Is n composite?
False
Suppose -2*h + 217517 = -5*m, 95*h + 2*m + 326281 = 98*h. Is h prime?
True
Let c(d) = 5*d**3 - d**2 + 2*d - 5. Let m(q) = -2*q + 20. Let j be m(4). Let s be 18/4 + j/(-24). Is c(s) composite?
False
Is (-487553)/(-3) - (-610)/(-183)*(-1)/(-5) composite?
False
Let t = -264062 - -381099. Is t prime?
True
Suppose 2*q - 78 = 5*q - 3*d, 5*q = 3*d - 120. Let g be 3 - (q*964 - (-8)/2). Suppose g = 5*x + 6298. Is x a composite number?
False
Suppose c - 9 = 3*b, -4*b = -c + 4*c - 1. Let w be c/(58565/11710 + -5). Suppose -s - 5*f = -4*f - 468, w = 5*s + 3*f. Is s a composite number?
True
Let o(h) = -51*h**3 + 9*h**2 + 11*h - 24. Let y(r) = -2*r + 97. Let b be y(51). Is o(b) composite?
False
Suppose 2*v = -2 - 2. Let d be ((-747)/2)/((-4)/8). Is (8/6)/(v - (-1500)/d) prime?
False
Let t(a) = -5 + 17*a + 18 + 5. Let v be (-5)/2*43/(43/(-2)). Is t(v) prime?
True
Let p = 473507 + -274992. Is p composite?
True
Let z(f) = 52*f**2 + 22*f - 87. Let o be z(25). Suppose o = 23*p - 32840. Is p prime?
True
Let r be 181676 + 4 - 1 - 3 - -6. Suppose r = 47*k - 52801. Is k composite?
True
Suppose 0 = -14*k - 71 - 13. Is ((-93)/62)/((k/(-22124))/(-1)) prime?
True
Let f(h) = -h**3 + 13*h**2 - 14*h + 24. Let t be f(12). Suppose t = -15*d + 7*d + 16. Suppose -5*g + 7*l - d*l = -1490, 5*l = -3*g + 870. Is g a prime number?
False
Suppose 0 = 4*q + 11 + 9, 3*h - 19392 = -3*q. Is h composite?
False
Let q(a) be the second derivative of -a**5/20 - a**3/3 - 7*a**2/2 - 20*a. Let x be q(-2). Suppose -x*j = 2*j - 1477. Is j composite?
False
Is (1/(-1))/(((-128)/(-256))/((-983063)/2)) composite?
False
Suppose 151*y - 58575698 = 47080059. Is y composite?
True
Suppose 26*s = 306*s - 37396520. Is s composite?
False
Let y(v) = -284*v - 19. Let n be y(-2). Suppose -n = -5*j + 2*b, -b = -3*j + 4*b + 318. Is j a prime number?
False
Let o(y) = 15*y**3 - 26*y**2 + 39*y - 177. Is o(17) composite?
True
Let h = 309593 + -209326. Is h composite?
False
Is (7 - 8)/((-18)/932058) a prime number?
False
Let h(z) = 1222*z**2 - 141*z + 72. Is h(5) a prime number?
True
Let y(c) = 3*c - 19. Let v be y(10). Suppose 5*a = -10, i + 2*a = a - v. Is (1218 - (-4 - i)) + -2 composite?
True
Is 194544 + (1/2 + 0)/(8/(-112)) composite?
True
Suppose 240130 = 4*b + 2*u, 3*u = 99*b - 103*b + 240121. Is b a composite number?
False
Suppose 3*d - 14528 + 5270 = 0. Is d prime?
False
Suppose 4*i + 2346 = 33242. Is (2*(-4)/16)/((-2)/i) composite?
False
Let b = 79429 + -34253. Suppose -8*v + b = -0*v. Is v prime?
True
Suppose -3*d + h + 4229 = -8950, 4*d - 17558 = -h. Is d prime?
True
Let t = -31 - -34. Suppose -p + 6417 = -t*u + 4*u, -4*p = -4*u - 25700. Is p a composite number?
False
Let c = 10018 + 41267. Suppose -3*j - c = -18*j. Is j prime?
False
Let a be 6 + -1 - 4 - -17. Suppose -17531 = -a*y + 18235. Is y a prime number?
True
Is (((-62908)/1)/(-4))/(0 + 1) composite?
False
Suppose 4*f + 4*h = 19032, 2*f + 0*f - h - 9531 = 0. Is f a prime number?
False
Let c = 25292 + -16711. Is c a prime number?
True
Let s(g) = -226*g**3 + 2*g**2 + 9*g + 7. Let w be s(-3). Let r = w - -11707. Is r composite?
False
Suppose -3*y - 3*x = -x - 200, 4*y + x = 265. Suppose y*l + 564 = 70*l. Is l composite?
True
Let h = 44734 - -201040. Is h a composite number?
True
Suppose -39*p - m = -34*p - 1561562, -5*p + 1561548 = -m. Is p a prime number?
True
Let o(g) = -312*g + 2. Let x be o(-13). Suppose x + 15448 = 6*p. Is p a composite number?
False
Suppose 2*x - 4*k = 4*x + 26, 2*x - 5*k = 19. Is x/6 + (-49137)/(-6) - -2 composite?
False
Suppose r = 2*h - 7651, 0*r + 2*h + 38207 = -5*r. Let u = r + 15740. Is u a prime number?
False
Suppose 4*n + 54678 = 5*n - 5*b, -3*n + b = -164048. Is n a prime number?
False
Let m be 12 + -18 + (1878 - -2). Let k = -589 + m. Is k prime?
False
Suppose -1701643 = -15*f + 1042183 + 1108159. Is f a prime number?
True
Let d = -231 - -131. Let o = -98 - d. Suppose o*j = 2*g - 1158, 3*g - 6*g + 1733 = -5*j. Is g a prime number?
False
Let r(v) = -71*v + 12. Let a(f) = -72*f + 13. Let q(i) = -6*a(i) + 5*r(i). Let w(k) = -78*k + 17. Let j(u) = 3*q(u) + 4*w(u). Is j(-5) prime?
True
Let n(v) = 5686*v - 179. Let g(s) = 1895*s - 60. Let u(l) = 11*g(l) - 4*n(l). Is u(-3) a composite number?
True
Let o(q) = -2*q**3 + 21*q**2 - 2*q - 5. Let u be o(6). Let s(l) = 10*l**3 + 3*l**2 + l - 2. Let c be s(3). Suppose 11*j - u = c. Is j prime?
False
Let l(g) = -1612*g - 1301. Is l(-37) a composite number?
True
Suppose 4*a - 13156 = q + 3*q, 3*q + 9897 = -3*a. Let n = -1023 - q. Is n a prime number?
False
Let w = -157 + 475. Suppose -2*r - 2*p + p + 313 = 0, -2*r + 4*p + w = 0. Is r a prime number?
True
Let r(p) = 4*p**2 + 52*p + 5. Let v be r(-13). Suppose -v*n = 19*n - 87816. Is n composite?
False
Suppose -4*m = -4*c - 100292, -4*c - 100292 = -4*m - 7*c. Is m a composite number?
False
Let q = 7 + -7. Suppose q = -n - 6*n + 17759. Suppose 7*g - n = 326. Is g composite?
False
Let j(t) = -t**3 + 13*t**2 + 4. Let o be j(13). Suppose -m = -o, 4*f - 3240 - 3464 = 2*m. Is f a prime number?
False
Let y(i) = -3*i**3 - 66*i**2 + 105*i - 149. Let p(j) = j**3 + 22*j**2 - 35*j + 50. Let r(q) = 8*p(q) + 3*y(q). Is r(-25) a prime number?
True
Let j be 5257/1 + (10 - (13 + -8)). Is (-3 + -1 - -1) + 38 + j composite?
False
Suppose -5*d - 4*d - 63 = 0. Let p = d + 46. Suppose 5*q - p - 11771 = 0. Is q a prime number?
False
Let a(h) = -3*h**2 - 6*h + 5. Let z be a(6). Let g = z - 387. Let d = 793 - g. Is d composite?
False
Is (-4)/(-18)*15258186/36*3 prime?
True
Let f = 43 + -36. Suppose 3479 + 2226 = f*n. Suppose -n = -2*i + 5*l + 73, -4*i + l = -1812. Is i composite?
True
Let x(r) = 1016454*r - 209. Is x(1) prime?
False
Let s = 114 - 116. Is (s/(8/10306))/((-1)/2) a prime number?
True
Let f(o) = 3430*o**3 + 108*o**2 - 8*o + 19. Is f(6) a composite number?
False
Let h(x) be the first derivative of -1101*x**2 - 77*x + 153. Is h(-2) a prime number?
True
Suppose 7*d - 18585 = -162624. Is 24/(-60) + d/(-5) composite?
True
Let u(p) = 3*p - 21. Let n(b) = -b + 8. Let v be n(0). Le